{"id":59,"date":"2018-12-05T00:14:40","date_gmt":"2018-12-05T00:14:40","guid":{"rendered":"http:\/\/michaelderotus.com\/?page_id=59"},"modified":"2024-10-16T18:00:23","modified_gmt":"2024-10-16T18:00:23","slug":"a-propos-de","status":"publish","type":"page","link":"http:\/\/michaelderotus.com\/?page_id=59","title":{"rendered":"\u00c0 propos de"},"content":{"rendered":"<p>A propos de moi\u2026<br \/>Que vous dire ?<br \/>Vous dire que je vis en Alsace depuis que j\u2019y suis n\u00e9, c\u2019est vrai !<br \/>Vous dire que j\u2019\u00e9cris des chansons depuis l\u2019\u00e2ge de 13 ans avec la pratique assidue du chant et de la guitare, c\u2019est aussi vrai !<br \/>Vous dire que j\u2019ai fait de nombreux concerts (de caf\u00e9s-concerts aux belles et grandes sc\u00e8nes) dans ma r\u00e9gion et un peu partout en France (Paris, Bordeaux, Lyon etc\u2026) C\u2019est toujours vrai !<br \/>Vous dire que j\u2019\u00e9volue en groupe ou en solo dans un style m\u00e9langeant la pop, le rock, le folk et le blues avec le souci permanent du texte travaill\u00e9 en fran\u00e7ais\u00a0 pour \u00e9voquer un univers po\u00e9tico-r\u00e9aliste, c\u2019est encore vrai !<br \/>Vous dire qu&rsquo; \u00e0 ce jour, j\u2019ai 7 albums \u00e0 mon actif ( l&rsquo;Air du verseau 1998, Poussi\u00e8re d\u2019or 2008, Le bal de Cendrillon 2010, Mill\u00e9naire 2015, Le monde qu\u2019il fait aujourd\u2019hui 2018, le Festival des mots jolis 2022, l&rsquo;Appel du dehors 2025) c\u2019est bien vrai !<br \/>Vous dire que je suis un professionnel de la musique, passionn\u00e9, qui a eu la chance dans son parcours artistique de rencontrer des personnes passionnantes et attachantes de ce m\u00e9tier (connues et inconnues), qui a la chance d\u2019\u00eatre superbement entour\u00e9 et soutenu (vous vous \u00eates reconnus !) et d\u2019avoir un public tr\u00e8s fid\u00e8le et grandissant, tout est vrai !<br \/>Vous dire que j\u2019aime la pluie en \u00e9t\u00e9, le vent, la nature, les rencontres, la po\u00e9sie, les mots, les belles m\u00e9lodies, la nuit, surtout la nuit\u2026 C\u2019est encore vrai ! <br \/>Vous dire enfin que \u00ab je t\u2019aime \u00bb, non l\u00e0 c\u2019est pas vrai, c\u2019est Johnny !<br \/>Mais vous dire en fait que je vous aime comme j\u2019aime la vie, que pour vous, je chante mon univers et qu\u2019avec vous, je le partage ; l\u00e0 il n\u2019y a rien de plus vrai !<br \/>What else ? Que dire de plus ? Vous m\u2019avez d\u00e9voil\u00e9\u2026<\/p>\n<p>Michael Derotus<\/p>\n<p>\u00a0<\/p>\n\n\n<p><\/p>\n","protected":false},"excerpt":{"rendered":"<p>A propos de moi\u2026Que vous dire ?Vous dire que je vis en Alsace depuis que j\u2019y suis n\u00e9, c\u2019est vrai !Vous dire que j\u2019\u00e9cris des chansons depuis l\u2019\u00e2ge de 13 ans avec la pratique assidue du chant et de la guitare, c\u2019est aussi vrai !Vous dire que j\u2019ai fait de nombreux concerts (de caf\u00e9s-concerts aux &hellip; <\/p>\n<p class=\"link-more\"><a href=\"http:\/\/michaelderotus.com\/?page_id=59\" class=\"more-link\">Continue reading<span class=\"screen-reader-text\"> \u00ab\u00a0\u00c0 propos de\u00a0\u00bb<\/span><\/a><\/p>\n","protected":false},"author":1,"featured_media":971,"parent":0,"menu_order":0,"comment_status":"closed","ping_status":"closed","template":"","meta":{"footnotes":""},"class_list":["post-59","page","type-page","status-publish","has-post-thumbnail","hentry"],"_links":{"self":[{"href":"http:\/\/michaelderotus.com\/index.php?rest_route=\/wp\/v2\/pages\/59","targetHints":{"allow":["GET"]}}],"collection":[{"href":"http:\/\/michaelderotus.com\/index.php?rest_route=\/wp\/v2\/pages"}],"about":[{"href":"http:\/\/michaelderotus.com\/index.php?rest_route=\/wp\/v2\/types\/page"}],"author":[{"embeddable":true,"href":"http:\/\/michaelderotus.com\/index.php?rest_route=\/wp\/v2\/users\/1"}],"replies":[{"embeddable":true,"href":"http:\/\/michaelderotus.com\/index.php?rest_route=%2Fwp%2Fv2%2Fcomments&post=59"}],"version-history":[{"count":6,"href":"http:\/\/michaelderotus.com\/index.php?rest_route=\/wp\/v2\/pages\/59\/revisions"}],"predecessor-version":[{"id":2622,"href":"http:\/\/michaelderotus.com\/index.php?rest_route=\/wp\/v2\/pages\/59\/revisions\/2622"}],"wp:featuredmedia":[{"embeddable":true,"href":"http:\/\/michaelderotus.com\/index.php?rest_route=\/wp\/v2\/media\/971"}],"wp:attachment":[{"href":"http:\/\/michaelderotus.com\/index.php?rest_route=%2Fwp%2Fv2%2Fmedia&parent=59"}],"curies":[{"name":"wp","href":"https:\/\/api.w.org\/{rel}","templated":true}]}}